ose 0 = 2*w + x + 24, x + b*x = 2*w + 32. What are the prime factors of 1/1 - (-48 + w)?
3, 7
Let u be (-3618)/8*(34/(-6) + 3). Let k = -540 + u. Suppose 6*q - 12*q + k = 0. What are the prime factors of q?
3, 37
Let x(h) = h**2 + h - 1. Let s(y) = 224*y**2 + 5*y - 6. Let t(r) = s(r) - 6*x(r). What are the prime factors of t(-1)?
3, 73
Suppose -21*k - 186 - 255 = 0. List the prime factors of (3416/k)/(3*(-6)/81).
2, 3, 61
Suppose 13*z = -3*a + 10*z - 57, -4*a - 66 = 2*z. What are the prime factors of 7028/a*(1/2)/(-1)?
251
Suppose -16*p = -15*p + 1371. Let i = 2106 + p. List the prime factors of i.
3, 5, 7
What are the prime factors of 3424/5 - 48/(-40)?
2, 7
Let l be (-24)/42 - 4/(-7). Suppose n + l = 2*k - 3, 2*n + 5*k - 21 = 0. Suppose 2*d - 153 = 5*j, -2*j - 171 = -2*d - n*j. List the prime factors of d.
2, 3, 7
Suppose -12 = -2*y + 6. Let s(h) = -2*h**3 + 18*h**2 + 10. Let r be s(y). Let d = r - -10. What are the prime factors of d?
2, 5
Let d be (-4)/6 - 164/6. Let m = -26 - d. What are the prime factors of 51/((m - 1) + 0)?
3, 17
Let g = -592 - -656. Suppose 0 = g*d - 63*d - 740. List the prime factors of d.
2, 5, 37
Let a(c) = -c**2 - 2*c - 45. Let h(y) = 2*y**2 - y - 1. Let t be h(1). Let n be a(t). Let m = -27 - n. What are the prime factors of m?
2, 3
Let s(i) = 5*i**3 - 17*i**2 + 38*i - 1. Let u(v) = -4*v**3 + 17*v**2 - 37*v + 4. Let n(k) = -3*s(k) - 4*u(k). List the prime factors of n(15).
47
Let b = 25171 - 11641. Suppose 18*x = 3*x + b. What are the prime factors of x?
2, 11, 41
Suppose 5*o + 584878 = 176*o - 608531. List the prime factors of o.
7, 997
Suppose -1 - 1 = 2*t, c - 2*t = 13. Suppose d + c - 61 = 0. List the prime factors of d.
2, 5
Suppose -2*o - 54 = -264. Let d = 89 - -93. Let t = d - o. What are the prime factors of t?
7, 11
Suppose 13*s + 31*s - 93368 = 0. List the prime factors of s.
2, 1061
Let a(i) = -2*i + 17 - 79 + 10*i + 8*i. What are the prime factors of a(23)?
2, 3, 17
Suppose -w - 5*w = -3*g + 10377, 4*g = -w + 13872. List the prime factors of g.
3467
Suppose -4*h + 669 = -227. Suppose 5*p + 1016 = 9*p - 4*r, -p = 5*r - h. What are the prime factors of p?
3, 83
Let q = 299 - 315. Let d(y) be the second derivative of y**5/20 + 4*y**4/3 - 4*y**3/3 + y**2 - 5*y. List the prime factors of d(q).
2, 5, 13
Let s(u) be the second derivative of -u**5/20 - u**4/6 + u**3/6 - 2*u**2 - 16*u. Let q be s(-3). List the prime factors of (1*(-1)/q)/(6/(-1668)).
139
Let r = -4051 + 9505. What are the prime factors of r?
2, 3, 101
Let f(o) = -o**2 - 2*o + 292*o**3 - 9 + 3*o**2 + 10 - o**2. What are the prime factors of f(1)?
2, 73
Let g(o) = -o**2 + 7*o - 13. Let f be g(11). Let u = f + 58. List the prime factors of (-1 - 0)*u - (-11 - -8).
2
Let l = 7 - -58. List the prime factors of l/(-7*(-3)/84).
2, 5, 13
Let n be (-63)/(-4*15/(-40)). Let c = n + 50. Suppose -20 = -c*j + 7*j. What are the prime factors of j?
2, 5
Let z = -27125 + 51944. What are the prime factors of z?
3, 8273
Let a = 1343 - 493. Suppose 20 = 5*q, g + 5*q - 4*q - a = 0. List the prime factors of g.
2, 3, 47
Let m(o) = -o**3 + 5*o**2 + 9. Let g be m(5). Let x(a) = 6*a - 47. Let r be x(g). Let i(y) = y**3 - 6*y**2 + 9*y - 14. List the prime factors of i(r).
2, 7
List the prime factors of 3412/10 + (144/30)/6.
2, 3, 19
Suppose -6*w + 3*w + 41012 = -192892. What are the prime factors of w?
2, 11, 443
Let i be (2 + 5)/((-2741)/457 + 6). Let v = -1757 + i. What are the prime factors of v?
2, 7, 103
Let w(q) = 31*q - 21. Let v be w(-18). Suppose -3*l - 263 = -5*u + 733, -l - 318 = 3*u. Let j = l - v. What are the prime factors of j?
2, 3, 7
Let j(l) = -631*l - 38. Let k be j(-4). Suppose 14*m = k - 428. What are the prime factors of m?
3, 7
Let q(o) = o**2 - 10*o - 5. Let t(z) = -z - 1. Let i(j) = q(j) + 3*t(j). Suppose 4*y = 5*y - 14. List the prime factors of i(y).
2, 3
Suppose -47*n + 44*n + 56275 = 2*l, 0 = 3*n - 2*l - 56303. What are the prime factors of n?
29, 647
Let l(p) = 15*p**2 + 59*p + 127. List the prime factors of l(-28).
5, 23, 89
Suppose 10847349 = 547*n - 1334888. What are the prime factors of n?
22271
Suppose -4*s + 7*s = 3579. Suppose -8*m + s + 4799 = 0. List the prime factors of m.
7, 107
Suppose 225*y - 220*y - 8964 = -4*o, -4488 = -2*o - 4*y. List the prime factors of o.
2, 13, 43
What are the prime factors of ((-2466)/5)/((-34)/1020)?
2, 3, 137
Suppose 0 = -13*r - 141 + 37. List the prime factors of (-7762)/r + (1 - 10/8).
2, 5, 97
Suppose 0 = 5*i - 5 - 10. Suppose 4*j = q + 1, -i*j = -2*q - j + 4. Suppose 3*z - 2*l - 203 = 184, -517 = -4*z + q*l. What are the prime factors of z?
127
Let i(d) = -d**3 + 3*d**2 + d - 3. Let m be i(3). Suppose m = -3*p - 2 + 11. Suppose 0 = 3*j + 5*g + 58 - 243, -3*g + 177 = p*j. List the prime factors of j.
5, 11
Suppose -18*r = -20*r + 22. Let y(b) = -b**2 + 29*b - 44. List the prime factors of y(r).
2, 7, 11
Suppose -i + 5*i - 16*i + 252048 = 0. List the prime factors of i.
2, 59, 89
Suppose -7*p + 4*p - 5*n = 0, 0 = -5*p + n. Suppose -5*k = 1 + 9, 2*s + 3*k - 366 = p. List the prime factors of s.
2, 3, 31
Let m(l) = 10*l**2 - 8*l + 19. Let n(k) = -k**3 + 4*k**2 + 7*k - 22. Let s be n(4). List the prime factors of m(s).
331
Let r(v) = 5*v**2 + 77*v + 45. Let n be r(-25). Suppose -l - 4*f + f = -630, -2*l - 3*f = -n. List the prime factors of l.
3, 5, 41
Suppose -18*q - 72 = -21*q. What are the prime factors of -660*(12/(-30))/(q/30)?
2, 3, 5, 11
List the prime factors of 1 + 0 + 287*109 - 0/7.
2, 3, 11, 79
Let v(h) = -8*h + 118. Let r be v(15). Let i(a) = -47*a**3 - 10*a - 16. List the prime factors of i(r).
2, 5, 19
Let c be 2/(-3)*(-24)/16 + 12. Suppose c*f - 1388 - 2395 = 0. What are the prime factors of f?
3, 97
Suppose -5*v + 160 = -v. Let c = -173 - -172. List the prime factors of (-14)/(36/v + c).
2, 5, 7
Let i(r) = 3*r - 56. Let u(h) = 39*h - 729. Let z(f) = -27*i(f) + 2*u(f). Let m = 9 - 9. What are the prime factors of z(m)?
2, 3
Suppose 16 - 21 = d. Let y(s) = s - s**3 + s**2 - 4*s**2 + 0 - 10 - s**2. What are the prime factors of y(d)?
2, 5
Let v be 1*2/6*6. Let o(z) = 192*z + 4. Let a be o(v). List the prime factors of (a/(-12))/(4/(-12)).
97
Let y(z) = 163*z + 2. Let p(h) = -164*h - 4. Let q(s) = 6*p(s) + 7*y(s). List the prime factors of q(1).
3, 7
Let z = -124 + 120. Let p be (-24)/(0 + z) - (0 + -1). Let l(f) = 29*f - 53. List the prime factors of l(p).
2, 3, 5
Let i(t) = -36*t + 5. Let x be i(5). Let s = x - -289. List the prime factors of s.
2, 3, 19
Suppose 16*c = 14*c + 6. Suppose c*a - 4 = 8. Suppose o + 4*j - 124 = 5*j, -a*o = 2*j - 496. What are the prime factors of o?
2, 31
Suppose 4*q = -6 + 38, -q = 4*u - 105848. What are the prime factors of u?
2, 3, 5, 7
Let r be (0*4/12)/1. Suppose 3*o - 3*h - 1002 = r, -5*h + 145 - 471 = -o. What are the prime factors of o?
2, 3, 7
Let a(h) = 162*h - 127. Suppose 90 = 25*u - 7*u. List the prime factors of a(u).
683
List the prime factors of 6*((-128)/(-24))/(-8) + 2849.
5, 569
Suppose -25*z = -13*z - 144. Suppose -z*f = 5332 - 15508. What are the prime factors of f?
2, 53
Let s = 24 + -19. Suppose 14 = 2*x + 4*v - 14, 0 = s*x - 4*v - 14. Suppose 5*d = -5*z + 315, -5*z + 2*d = x*d - 319. What are the prime factors of z?
67
Let a(l) = -l**3 - 29*l**2 - 101*l + 24. Let o be a(-25). Let q be ((-4)/(-5))/((-2)/(-100)). Let n = o - q. What are the prime factors of n?
3
Suppose 0 = -7*p + 12695 + 12792. What are the prime factors of p?
11, 331
Let o(z) = 4*z - 25. Let m be o(6). Let s be (-9)/2*2/3*m. List the prime factors of -2 + 1 + (s - -124).
2, 3, 7
Let l(s) = -83*s - 6*s**2 + s**2 - 21 + 61*s + 4*s**2. Let f be l(-21). What are the prime factors of (-8)/(4 - f) - -33?
31
Suppose -4*h = -32 - 0. Suppose -5*a - h*a = -2171. What are the prime factors of a?
167
Suppose -1852 = 6*h - 634. Let c be 289 + (1 - -5)/3. Let k = h + c. List the prime factors of k.
2, 11
Let j(i) = -13*i**3 + i**2 + 6*i + 3. Let q(k) = k**3 - 22*k**2 - 3. Let g be q(22). List the prime factors of j(g).
3, 5, 23
Suppose -232*z + 187680 = -170*z - 395430. What are the prime factors of z?
3, 5, 11, 19
What are the prime factors of (0 + -3)*(-1000 + 59)?
3, 941
Suppose -6 = -2*y + 8. Let u(z) = -6*z - 13. Let h be u(y). Let d = h + 135. List the prime factors of d.